Is 86 a multiple of 7?
False
Is 759 a multiple of 20?
False
Does 9 divide 62256?
False
Is 11 a factor of 716?
False
Does 4 divide 266?
False
Is 44 a factor of 88?
True
Is 7 a factor of 336?
True
Is 174 a multiple of 7?
False
Does 6 divide 3684?
True
Is 10 a factor of 26280?
True
Is 25 a factor of 2665?
False
Is 3256 a multiple of 74?
True
Is 1255 a multiple of 6?
False
Is 19 a factor of 6079?
False
Is 3850 a multiple of 22?
True
Does 47 divide 409?
False
Is 8462 a multiple of 10?
False
Does 8 divide 457?
False
Is 299 a multiple of 43?
False
Is 69 a factor of 49661?
False
Is 17 a factor of 1547?
True
Is 20 a factor of 5480?
True
Does 22 divide 6731?
False
Is 3195 a multiple of 9?
True
Is 850 a multiple of 5?
True
Is 96 a factor of 52665?
False
Does 94 divide 83192?
False
Is 40642 a multiple of 14?
True
Is 13 a factor of 26?
True
Is 5 a factor of 23127?
False
Is 1092 a multiple of 12?
True
Is 7592 a multiple of 44?
False
Is 3905 a multiple of 3?
False
Is 12200 a multiple of 6?
False
Is 129080 a multiple of 14?
True
Is 5 a multiple of 2?
False
Is 10760 a multiple of 5?
True
Is 14014 a multiple of 98?
True
Does 5 divide 12869?
False
Is 3850 a multiple of 55?
True
Does 6 divide 657?
False
Does 29 divide 41905?
True
Does 78 divide 9914?
False
Is 3684 a multiple of 109?
False
Is 2977 a multiple of 33?
False
Is 92483 a multiple of 28?
False
Is 1330 a multiple of 14?
True
Does 17 divide 15317?
True
Does 9 divide 1104?
False
Is 114 a multiple of 57?
True
Is 1392 a multiple of 24?
True
Is 18020 a multiple of 106?
True
Is 2484 a multiple of 36?
True
Does 6 divide 628?
False
Is 754 a multiple of 29?
True
Does 14 divide 238?
True
Is 4898 a multiple of 68?
False
Does 19 divide 3705?
True
Is 20 a factor of 567?
False
Is 20887 a multiple of 11?
False
Does 113 divide 3896?
False
Is 16 a factor of 409?
False
Is 1176 a multiple of 14?
True
Is 19 a factor of 24537?
False
Does 8 divide 2080?
True
Does 12 divide 1021?
False
Is 2026 a multiple of 7?
False
Is 143 a factor of 18590?
True
Is 10 a factor of 37404?
False
Is 165 a multiple of 3?
True
Does 10 divide 880?
True
Is 1216 a multiple of 5?
False
Does 28 divide 1611?
False
Does 7 divide 189?
True
Is 6 a factor of 2736?
True
Is 6 a factor of 138?
True
Is 7640 a multiple of 5?
True
Is 43656 a multiple of 214?
True
Is 323 a multiple of 33?
False
Is 10 a factor of 29?
False
Is 1155 a multiple of 3?
True
Is 872 a multiple of 4?
True
Does 7 divide 681?
False
Does 52 divide 462?
False
Is 76 a factor of 878?
False
Does 69 divide 1656?
True
Is 6 a factor of 5136?
True
Is 9859 a multiple of 160?
False
Is 17 a factor of 1020?
True
Does 12 divide 1644?
True
Does 4 divide 363?
False
Is 64 a multiple of 8?
True
Is 12 a factor of 2266?
False
Is 8 a factor of 11696?
True
Is 22 a factor of 1320?
True
Is 165 a multiple of 55?
True
Is 730 a multiple of 8?
False
Is 131045 a multiple of 63?
False
Does 12 divide 144?
True
Is 18281 a multiple of 181?
True
Does 73 divide 4307?
True
Is 2099 a multiple of 60?
False
Does 13 divide 9770?
False
Is 15 a multiple of 13?
False
Is 19 a factor of 3914?
True
Is 6818 a multiple of 18?
False
Does 17 divide 833?
True
Is 51687 a multiple of 102?
False
Does 13 divide 17310?
False
Does 7 divide 1594?
False
Is 423 a multiple of 3?
True
Does 3 divide 392?
False
Is 66878 a multiple of 238?
True
Is 1452 a multiple of 12?
True
Is 8 a factor of 374?
False
Does 33 divide 297?
True
Is 20077 a multiple of 15?
False
Is 108 a multiple of 18?
True
Is 18 a factor of 894?
False
Is 37 a factor of 1611?
False
Does 5 divide 772?
False
Is 7 a factor of 882?
True
Does 33 divide 1849?
False
Does 7 divide 154?
True
Is 138183 a multiple of 123?
False
Is 111 a factor of 9288?
False
Is 35678 a multiple of 61?
False
Is 189 a factor of 57782?
False
Does 24 divide 3552?
True
Is 8928 a multiple of 16?
True
Is 7345 a multiple of 113?
True
Is 85 a factor of 7477?
False
Does 35 divide 38596?
False
Is 42 a factor of 133770?
True
Does 120 divide 5906?
False
Is 23 a factor of 538?
False
Does 24 divide 1185?
False
Does 26 divide 2519?
False
Does 11 divide 775?
False
Does 5 divide 12190?
True
Is 50 a factor of 4810?
False
Is 3695 a multiple of 4?
False
Is 4010 a multiple of 31?
False
Is 13 a factor of 111012?
False
Is 10 a factor of 1590?
True
Is 467 even?
False
Is 3066 a multiple of 6?
True
Is 3390 a multiple of 3?
True
Does 98 divide 4900?
True
Does 58 divide 4528?
False
Does 25 divide 142?
False
Is 28 a factor of 10500?
True
Is 290 a multiple of 58?
True
Is 6221 a multiple of 11?
False
Is 57445 a multiple of 180?
False
Does 193 divide 25288?
False
Is 23 a factor of 6003?
True
Is 29894 a multiple of 15?
False
Is 21 a factor of 50326?
False
Is 62 a factor of 4492?
False
Is 184 a multiple of 11?
False
Does 258 divide 34494?
False
Does 28 divide 8260?
True
Does 38 divide 15376?
False
Is 165 a factor of 3795?
True
Is 69 a factor of 33948?
True
Is 3576 a multiple of 12?
True
Does 9 divide 787?
False
Is 20082 a multiple of 45?
False
Does 56 divide 5505?
False
Is 1006 a multiple of 20?
False
Is 4362 a multiple of 25?
False
Does 29 divide 537?
False
Is 36 a factor of 1933?
False
Does 13 divide 29510?
True
Is 25016 a multiple of 53?
True
Is 1856 a multiple of 64?
True
Is 10875 a multiple of 15?
True
Does 10 divide 787?
False
Does 11 divide 1141?
False
Is 1674 a multiple of 9?
True
Is 2572 a multiple of 41?
False
Is 17 a factor of 17?
True
Is 215 a factor of 22934?
False
Does 26 divide 5865?
False
Does 14 divide 36803?
False
Is 9 a factor of 11196?
True
Is 4960 a multiple of 32?
True
Does 24 divide 1536?
True
Is 609 a multiple of 11?
False
Is 18 a factor of 510?
False
Is 74 a multiple of 3?
False
Does 77 divide 693?
True
Is 7213 a multiple of 25?
False
Is 10 a factor of 6810?
True
Does 37 divide 3420?
False
Is 40 a factor of 4475?
False
Is 1525 a multiple of 5?
True
Is 134 a multiple of 3?
False
Is 33 a factor of 37?
False
Is 41 a factor of 553?
False
Is 2569 a multiple of 26?
False
Is 27946 a multiple of 89?
True
Does 5 divide 121?
False
Does 5 divide 435?
True
Is 26 a factor of 64496?
False
Is 10 a factor of 42440?
True
Does 17 divide 16733?
False
Is 288 a multiple of 6?
True
Is 2592 a multiple of 27?
True
Is 13 a factor of 2925?
True
Is 32817 a multiple of 5?
False
Does 50 divide 52467?
False
Does 28 divide 1873?
False
Is 20392 a multiple of 11?
False
Does 15 divide 2340?
True
Does 49 divide 19649?
True
Is 53 a factor of 3610?
False
Does 36 divide 5832?
True
Does 5 divide 123?
False
Does 44 divide 7997?
False
Is 4872 a multiple of 112?
False
Does 90 divide 951?
False
Does 20 divide 1036?
False
Is 170 a multiple of 2?
True
Does 23 divide 3255?
False
Does 107 divide 23558?
False
Is 9 a factor of 9514?
False
Is 2372 a multiple of 276?
False
Does 40 divide 4403?
False
Does 68 divide 305?
False
Does 30 divide 49170?
True
Is 53 a factor of 15007?
False
Is 595 a multiple of 35?
True
Is 110466 a multiple of 12?
False
Is 9 a factor of 18?
True
Does 23 divide 1041?
False
Is 13 a factor of 92703?
True
Is 301 a multiple of 71?
False
Is 1207 a multiple of 14?
False
Is 20519 a multiple of 12?
False
Is 10395 a multiple of 15?
True
Is 31122 a multiple of 63?
True
Is 15 a factor of 10670?
False
Is 590 a multiple of 9?
False
Does 28 divide 155?
False
Does 34 divide 3105?
False
Is 429 a multiple of 39?
True
Is 13063 a multiple of 24?
False
Does 37 divide 9334?
False
Is 12 a factor of 408?
True
Is 10 a factor of 11185?
False
Is 29 a factor of 23523?
False
Is 7850 a multiple of 157?
True
Is 231 a multiple of 30?
False
Is 1155 a multiple of 5?
True
Is 1292 a multiple of 13?
False
Is 10 a factor of 3147?
False
Is 48 a factor of 336?
True
Does 17 divide 1249?
False
Does 31 divide 34139?
False
Is 169 a multiple of 11?
False
Is 2 a factor of 10955?
False
Does 51 divide 16295?
False
Is 5934 a multiple of 46?
True
Does 11 divide 137?
False
Is 1052 a multiple of 67?
False
Is 3040 a multiple of 40?
True
Is 48 a factor of 290?
False
Does 7 divide 308?
True
Is 181 a factor of 20740?
False
Is 132 a multiple of 14?
False
Is 1920 a multiple of 20?
True
Is 48 a factor of 1104?
True
Is 109 a factor of 2351?
False
Does 5 divide 380?
True
Does 11 divide 21307?
True
Is 188 a multiple of 16?
False
Is 75 a multiple of 5?
True
Is 46 a factor of 27514?
False
Is 12288 a multiple of 9